{"id":531,"date":"2023-11-27T20:40:31","date_gmt":"2023-11-27T20:40:31","guid":{"rendered":"https:\/\/premiolujosostenible.org\/esp\/?page_id=531"},"modified":"2023-11-28T21:08:18","modified_gmt":"2023-11-28T21:08:18","slug":"2023-2","status":"publish","type":"page","link":"https:\/\/premiolujosostenible.org\/esp\/2023-2\/","title":{"rendered":"2023"},"content":{"rendered":"<div class=\"row\">\n<div class=\"span12\">\n<div class=\"how-we-can-help-wrap\">\n<figure class=\"thumbnail alignnone clearfix\">\n<div class=\"row-fluid\">\n<div class=\"clear\"><\/div>\n<p style=\"margin: 11px\"><span style=\"font-size: 11pt; color:#000000\"><b>ARTESAN\u00cdA EN CER\u00c1MICA<\/b><\/span><\/p>\n<p style=\"margin: 11px\"><span style=\"font-size: 11pt; color:#000000\"><b>MAGDALENA PEDRO MART\u00cdNEZ. Obra: Madre Tuxtepecana.<\/b><\/span><\/p>\n<p style=\"margin: 11px\"><span style=\"font-size: 11pt; color:#000000\">De Oaxaca -M\u00e9xico- combina la t\u00e9cnica de modelado de barro negro y la t\u00e9cnica ancestral de reducci\u00f3n de ox\u00edgeno que tiene 2500 a\u00f1os de antig\u00fcedad, adem\u00e1s le da un toque especial alternando efectos brillo y mate. De esta manera destaca la vestimenta tradicional de las mujeres de su regi\u00f3n.<\/span><\/p>\n<p style=\"margin: 11px\"><span style=\"font-size: 11pt; color:#000000\"><img decoding=\"async\" class=\"alignleft\" src=\"https:\/\/premiolujosostenible.org\/esp\/wp-content\/uploads\/2023\/11\/2023-01.jpg\"><br \/>\n<iframe loading=\"lazy\" class=\"alignright\" width=\"560\" height=\"300\" src=\"https:\/\/www.youtube.com\/embed\/5IB5rSJZo48\" title=\"\" frameborder=\"0\" allow=\"accelerometer; autoplay; clipboard-write; encrypted-media; gyroscope; picture-in-picture\" allowfullscreen=\"\"><\/iframe><\/span><\/p>\n<p style=\"margin: 11px\"><span style=\"font-size: 11pt; color:#000000\">&nbsp;<\/span><\/p>\n<\/div>\n<\/figure>\n<\/div>\n<\/div>\n<\/div>\n<div class=\"row\">\n<div class=\"span12\">\n<div class=\"how-we-can-help-wrap\">\n<figure class=\"thumbnail alignnone clearfix\">\n<div class=\"row-fluid\">\n<div class=\"clear\"><\/div>\n<p style=\"margin: 11px\"><span style=\"font-size: 11pt; color:#000000\"><b>ARTESAN\u00cdA TEXTIL<\/b><\/span><\/p>\n<p style=\"margin: 11px\"><span style=\"font-size: 11pt; color:#000000\"><b>ALFONSO SULCA CH\u00c1VEZ. Obra: Los tres espacios m\u00e1gicos religiosos de la cosmovisi\u00f3n andina (tapiz mural decorativo).<\/b><\/span><\/p>\n<p style=\"margin: 11px\"><span style=\"font-size: 11pt; color:#000000\">De Ayacucho -Per\u00fa-, demor\u00f3 tres meses en realizar su obra. La misma est\u00e1 realizada en un 95 por ciento de fibra de alpaca y el resto en algod\u00f3n. En la obra se aprecia parte de la mitolog\u00eda andina. Se destaca por haber investigado desde los a\u00f1os 60\u00b4 el tejido utilitario hasta convertirlo en reconocidas obras de arte en la denominaci\u00f3n Tapiz Mural Decorativo. En el Congreso Mundial de Artesanos, su Tapiz Mural fue comparado con el Gobelino Franc\u00e9s y le llamaron Gobelino Peruano.<\/span><\/p>\n<p style=\"margin: 11px\"><span style=\"font-size: 11pt; color:#000000\"><img decoding=\"async\" class=\"alignleft\" src=\"https:\/\/premiolujosostenible.org\/esp\/wp-content\/uploads\/2023\/11\/2023-02.jpg\"><iframe loading=\"lazy\" class=\"alignright\" width=\"560\" height=\"350\" src=\"https:\/\/www.youtube.com\/embed\/5aLvB8WjD64\" title=\"\" frameborder=\"0\" allow=\"accelerometer; autoplay; clipboard-write; encrypted-media; gyroscope; picture-in-picture\" allowfullscreen=\"\"><\/iframe><\/span><\/p>\n<p style=\"margin: 11px\"><span style=\"font-size: 11pt; color:#000000\">&nbsp;<\/span><\/p>\n<\/div>\n<\/figure>\n<\/div>\n<\/div>\n<\/div>\n<div class=\"row\">\n<div class=\"span12\">\n<div class=\"how-we-can-help-wrap\">\n<figure class=\"thumbnail alignnone clearfix\">\n<div class=\"row-fluid\">\n<div class=\"clear\"><\/div>\n<p style=\"margin: 11px\"><span style=\"font-size: 11pt; color:#000000\"><b>ARTESAN\u00cdA EN MADERA<\/b><\/span><\/p>\n<p style=\"margin: 11px\"><span style=\"font-size: 11pt; color:#000000\"><b>RUB\u00c9N RODR\u00cdGUEZ. Obra: Talla de una nuez.<\/b><\/span><\/p>\n<p style=\"margin: 11px\"><span style=\"font-size: 11pt; color:#000000\">De El Bols\u00f3n, R\u00edo Negro -Argentina-, obtiene la madera en forma natural, y su t\u00e9cnica se basa en el modelado y pulido a partir del lijado superfino. Encuentra poes\u00eda en la observaci\u00f3n de los detalles y las sombras proyectadas en la madera. Se considera un aprendiz incansable, siendo la naturaleza uno de sus mayores maestros. Tiene 34 reconocimientos, entre premios y menciones.<\/span><\/p>\n<p style=\"margin: 11px\"><span style=\"font-size: 11pt; color:#000000\"><img decoding=\"async\" class=\"alignleft\" src=\"https:\/\/premiolujosostenible.org\/esp\/wp-content\/uploads\/2023\/11\/2023-03.jpg\"><br \/>\n<iframe loading=\"lazy\" class=\"alignright\" width=\"560\" height=\"350\" src=\"https:\/\/www.youtube.com\/embed\/ABKFWTWITYE\" title=\"\" frameborder=\"0\" allow=\"accelerometer; autoplay; clipboard-write; encrypted-media; gyroscope; picture-in-picture\" allowfullscreen=\"\"><\/iframe><\/span><\/p>\n<p style=\"margin: 11px\"><span style=\"font-size: 11pt; color:#000000\">&nbsp;<\/span><\/p>\n<\/div>\n<\/figure>\n<\/div>\n<\/div>\n<\/div>\n<div class=\"row\">\n<div class=\"span12\">\n<div class=\"how-we-can-help-wrap\">\n<figure class=\"thumbnail alignnone clearfix\">\n<div class=\"row-fluid\">\n<div class=\"clear\"><\/div>\n<p style=\"margin: 11px\"><span style=\"font-size: 11pt; color:#000000\"><b>ARTESAN\u00cdA EN METAL<\/b><\/span><\/p>\n<p style=\"margin: 11px\"><span style=\"font-size: 11pt; color:#000000\"><b>MARCELO TOLEDO. Obra: Los Lujos del Baco (Plato).<\/b><\/span><\/p>\n<p style=\"margin: 11px\"><span style=\"font-size: 11pt; color:#000000\">De la Ciudad de Buenos Aires \u2013Argentina-. Es Orfebre y artista contempor\u00e1neo. La obra presentada est\u00e1 realizada totalmente a mano en plata 925 obtenida de la fundici\u00f3n de piezas en desuso para evitar la extracci\u00f3n minera. Sus t\u00e9cnicas y estilos son muy tradicionales y antiguas a las que suma un toque vanguardista consiguiendo ese resultado \u00fanico.<\/span><\/p>\n<p style=\"margin: 11px\"><span style=\"font-size: 11pt; color:#000000\"><img decoding=\"async\" class=\"alignleft\" src=\"https:\/\/premiolujosostenible.org\/esp\/wp-content\/uploads\/2023\/11\/2023-04.jpg\"><br \/>\n<iframe loading=\"lazy\" class=\"alignright\" width=\"560\" height=\"350\" src=\"https:\/\/www.youtube.com\/embed\/qY30cUfBJhk\" title=\"\" frameborder=\"0\" allow=\"accelerometer; autoplay; clipboard-write; encrypted-media; gyroscope; picture-in-picture\" allowfullscreen=\"\"><\/iframe><\/span><\/p>\n<p style=\"margin: 11px\"><span style=\"font-size: 11pt; color:#000000\">&nbsp;<\/span><\/p>\n<\/div>\n<\/figure>\n<\/div>\n<\/div>\n<\/div>\n","protected":false},"excerpt":{"rendered":"<p>ARTESAN\u00cdA EN CER\u00c1MICA MAGDALENA PEDRO MART\u00cdNEZ. Obra: Madre Tuxtepecana. De Oaxaca -M\u00e9xico- combina la t\u00e9cnica de modelado de barro negro y la t\u00e9cnica ancestral de reducci\u00f3n de ox\u00edgeno que tiene 2500 a\u00f1os de antig\u00fcedad, adem\u00e1s le da un toque especial alternando efectos brillo y mate. De esta manera destaca la vestimenta tradicional de las mujeres de su regi\u00f3n. &nbsp; ARTESAN\u00cdA&nbsp;<a href=\"https:\/\/premiolujosostenible.org\/esp\/2023-2\/\" class=\"read-more\">Seguir leyendo<\/a><\/p>\n","protected":false},"author":2,"featured_media":0,"parent":0,"menu_order":0,"comment_status":"closed","ping_status":"closed","template":"page-fullwidth.php","meta":{"footnotes":""},"class_list":["post-531","page","type-page","status-publish","hentry"],"_links":{"self":[{"href":"https:\/\/premiolujosostenible.org\/esp\/wp-json\/wp\/v2\/pages\/531","targetHints":{"allow":["GET"]}}],"collection":[{"href":"https:\/\/premiolujosostenible.org\/esp\/wp-json\/wp\/v2\/pages"}],"about":[{"href":"https:\/\/premiolujosostenible.org\/esp\/wp-json\/wp\/v2\/types\/page"}],"author":[{"embeddable":true,"href":"https:\/\/premiolujosostenible.org\/esp\/wp-json\/wp\/v2\/users\/2"}],"replies":[{"embeddable":true,"href":"https:\/\/premiolujosostenible.org\/esp\/wp-json\/wp\/v2\/comments?post=531"}],"version-history":[{"count":8,"href":"https:\/\/premiolujosostenible.org\/esp\/wp-json\/wp\/v2\/pages\/531\/revisions"}],"predecessor-version":[{"id":558,"href":"https:\/\/premiolujosostenible.org\/esp\/wp-json\/wp\/v2\/pages\/531\/revisions\/558"}],"wp:attachment":[{"href":"https:\/\/premiolujosostenible.org\/esp\/wp-json\/wp\/v2\/media?parent=531"}],"curies":[{"name":"wp","href":"https:\/\/api.w.org\/{rel}","templated":true}]}}